6 a multiple of 249?
True
Is 551 a multiple of 2?
False
Does 17 divide 1938?
True
Is 3 a factor of 242?
False
Is 4134 a multiple of 13?
True
Is 3175 a multiple of 50?
False
Does 30 divide 2100?
True
Does 156 divide 7800?
True
Is 28 a factor of 9828?
True
Is 79381 a multiple of 55?
False
Does 175 divide 7525?
True
Is 72 a factor of 45720?
True
Is 839 a multiple of 23?
False
Does 14 divide 825?
False
Does 42 divide 2310?
True
Is 101 a factor of 3267?
False
Is 435 a multiple of 99?
False
Is 13 a factor of 13162?
False
Is 66 a factor of 52252?
False
Does 12 divide 2223?
False
Is 55 a factor of 657?
False
Is 1330 a multiple of 19?
True
Does 16 divide 1792?
True
Is 1505 a multiple of 43?
True
Is 17 a factor of 4852?
False
Does 11 divide 9515?
True
Is 7 a factor of 245?
True
Is 2920 a multiple of 20?
True
Is 3396 a multiple of 9?
False
Is 7 a factor of 988?
False
Does 23 divide 565?
False
Does 9 divide 2619?
True
Is 692 a multiple of 15?
False
Is 96 a factor of 11328?
True
Does 8 divide 56?
True
Is 40022 a multiple of 291?
False
Does 5 divide 397?
False
Is 1682 a multiple of 24?
False
Is 6 a factor of 347?
False
Does 34 divide 8942?
True
Does 46 divide 115731?
False
Is 193 a factor of 82100?
False
Does 6 divide 1433?
False
Does 13 divide 1192?
False
Is 48 a factor of 208?
False
Does 14 divide 27328?
True
Does 6 divide 2136?
True
Does 23 divide 10695?
True
Does 7 divide 756?
True
Is 3443 a multiple of 11?
True
Is 88482 a multiple of 224?
False
Is 20146 a multiple of 11?
False
Does 2 divide 303?
False
Does 48 divide 2160?
True
Is 3 a factor of 122?
False
Is 10 a factor of 86710?
True
Is 3 a factor of 12402?
True
Is 302 a multiple of 17?
False
Is 3737 a multiple of 140?
False
Is 7 a factor of 257?
False
Does 2 divide 54?
True
Does 6 divide 254?
False
Does 15 divide 4395?
True
Is 10742 a multiple of 12?
False
Is 12 a factor of 51828?
True
Is 64 a factor of 7198?
False
Does 109 divide 3410?
False
Does 12 divide 1476?
True
Is 40 a factor of 2959?
False
Is 8475 a multiple of 23?
False
Is 5 a factor of 905?
True
Is 68 a factor of 7548?
True
Does 6 divide 8394?
True
Does 37 divide 7034?
False
Does 92 divide 4324?
True
Is 15 a factor of 498?
False
Does 21 divide 9702?
True
Does 17 divide 9146?
True
Does 48 divide 2665?
False
Is 39 a multiple of 2?
False
Is 7 a factor of 12061?
True
Is 7 a factor of 56?
True
Is 54699 a multiple of 30?
False
Does 26 divide 1787?
False
Does 4 divide 68?
True
Is 12152 a multiple of 82?
False
Does 58 divide 903?
False
Does 4 divide 7269?
False
Does 10 divide 840?
True
Is 36397 a multiple of 218?
False
Is 40678 a multiple of 41?
False
Is 130 a factor of 910?
True
Is 31480 a multiple of 43?
False
Is 51 a factor of 11766?
False
Is 10 a factor of 501?
False
Is 5551 a multiple of 146?
False
Is 1932 a multiple of 6?
True
Does 17 divide 1309?
True
Is 13989 a multiple of 13?
False
Is 4 a factor of 850?
False
Is 58516 a multiple of 383?
False
Does 15 divide 5932?
False
Is 504 a multiple of 8?
True
Is 32 a factor of 1120?
True
Is 13059 a multiple of 15?
False
Does 20 divide 1587?
False
Is 2 a factor of 61?
False
Is 24475 a multiple of 275?
True
Is 34328 a multiple of 56?
True
Is 5998 a multiple of 94?
False
Is 234 a factor of 10199?
False
Does 66 divide 3274?
False
Is 44 a factor of 30495?
False
Does 11 divide 41158?
False
Is 644 a multiple of 16?
False
Does 11 divide 2673?
True
Is 6882 a multiple of 74?
True
Is 12120 a multiple of 15?
True
Is 26 a factor of 52858?
True
Does 17 divide 476?
True
Is 8 a factor of 32?
True
Does 2 divide 125?
False
Does 13 divide 46756?
False
Does 20 divide 18360?
True
Does 17 divide 16511?
False
Is 10884 a multiple of 12?
True
Is 163 a multiple of 6?
False
Is 2001 a multiple of 69?
True
Does 8 divide 1270?
False
Is 21 a factor of 1596?
True
Is 11088 a multiple of 84?
True
Is 96 a factor of 1015?
False
Is 1014 a multiple of 13?
True
Is 384 a multiple of 48?
True
Is 13518 a multiple of 18?
True
Is 18 a factor of 6624?
True
Is 84 a factor of 8532?
False
Does 30 divide 1142?
False
Is 3432 a multiple of 104?
True
Is 19 a factor of 3230?
True
Does 12 divide 540?
True
Does 6 divide 3192?
True
Is 137 a factor of 21509?
True
Does 80 divide 1040?
True
Is 11 a factor of 693?
True
Is 266 a multiple of 2?
True
Does 41 divide 17402?
False
Does 169 divide 4433?
False
Does 8 divide 39754?
False
Does 80 divide 64422?
False
Does 45 divide 10279?
False
Is 179 a factor of 7665?
False
Does 21 divide 5145?
True
Is 6272 a multiple of 20?
False
Is 111 a factor of 3441?
True
Is 37 a factor of 1066?
False
Is 1125 a multiple of 45?
True
Does 38 divide 1520?
True
Is 34 a factor of 782?
True
Is 1748 a multiple of 4?
True
Is 202 a factor of 20258?
False
Does 17 divide 557?
False
Is 693 a multiple of 63?
True
Does 3 divide 5874?
True
Does 19 divide 95?
True
Does 14 divide 1400?
True
Does 2 divide 3246?
True
Is 222 a factor of 31080?
True
Is 1419 a multiple of 49?
False
Does 11 divide 295?
False
Is 22 a factor of 836?
True
Does 6 divide 29?
False
Is 44 a factor of 880?
True
Does 94 divide 19364?
True
Is 16 a factor of 3904?
True
Is 25378 a multiple of 7?
False
Is 413 a factor of 79496?
False
Is 41847 a multiple of 13?
True
Is 513 a multiple of 171?
True
Does 162 divide 14580?
True
Is 153 a multiple of 22?
False
Is 8712 a multiple of 34?
False
Is 23 a factor of 3427?
True
Does 213 divide 11928?
True
Does 24 divide 872?
False
Is 20734 a multiple of 7?
True
Does 19 divide 49761?
True
Is 27665 a multiple of 56?
False
Is 7 a factor of 45?
False
Is 8 a factor of 6520?
True
Is 12 a factor of 5136?
True
Is 2820 a multiple of 89?
False
Is 7 a multiple of 2?
False
Is 460 even?
True
Does 6 divide 1002?
True
Is 11 a factor of 1023?
True
Is 6 a factor of 114?
True
Is 18 a factor of 6309?
False
Is 47779 a multiple of 157?
False
Is 29 a factor of 2068?
False
Is 30498 a multiple of 39?
True
Is 26205 a multiple of 92?
False
Is 30 a factor of 60?
True
Does 5 divide 3414?
False
Is 643 a multiple of 11?
False
Is 63 a factor of 22251?
False
Does 13 divide 11245?
True
Does 191 divide 15853?
True
Is 10337 a multiple of 328?
False
Is 32344 a multiple of 52?
True
Does 155 divide 23250?
True
Is 30 a factor of 24570?
True
Is 990 a multiple of 10?
True
Is 31 a factor of 3751?
True
Is 33 a factor of 11133?
False
Is 13849 a multiple of 7?
False
Does 8 divide 77?
False
Is 701 a multiple of 41?
False
Does 22 divide 2001?
False
Is 25 a factor of 1858?
False
Is 25080 a multiple of 72?
False
Does 141 divide 5356?
False
Does 27 divide 32226?
False
Is 3246 a multiple of 55?
False
Does 35 divide 407?
False
Is 9 a factor of 3951?
True
Is 401 a multiple of 2?
False
Is 3504 a multiple of 16?
True
Does 79 divide 3555?
True
Does 22 divide 4943?
False
Is 37 a factor of 2405?
True
Is 29 a factor of 42774?
False
Is 31 a factor of 1364?
True
Is 2919 a multiple of 7?
True
Is 13 a factor of 1677?
True
Does 44 divide 475?
False
Does 5 divide 840?
True
Is 26 a factor of 4212?
True
Does 64 divide 1920?
True
Is 65816 a multiple of 152?
True
Is 115 a multiple of 13?
False
Is 77 a factor of 3157?
True
Does 11 divide 16830?
True
Is 78337 a multiple of 133?
True
Is 19 a factor of 1145?
False
Does 13 divide 2257?
False
Does 7 divide 83?
False
Does 101 divide 361?
False
Is 441 a multiple of 24?
False
Is 40 a factor of 6535?
False
Is 43 a factor of 129?
True
Does 24 divide 7152?
True
Is 106 a multiple of 9?
False
Is 4 a factor of 153?
False
Is 21 a factor of 16112?
False
Is 15 a factor of 194?
False
Is 408 a multiple of 34?
True
Does 5 divide 1580?
True
Does 23 divide 469?
False
Is 9 a factor of 2424?
False
Is 653 a multiple of 3?
False
Is 73488 a multiple of 31?
False
Is 14 a factor of 13244?
True
Does 147 divide 41230?
False
Is 7 a factor of 27?
False
Is 2352 a multiple of 12?
True
Is 24 a multiple of 6?
True
Is 12 a factor of 108?
True
Is 1800 a multiple of 10?
True
Does 14 divide 39900?
True
Does 22 divide 6028?
True
Is 392 a multiple of 14?
True
Is 15 a factor of 3879?
False
Is 1876 a multiple of 28?
True
Does 93 divide 15414?
False
Is 686 a multiple of 46?
False
Does 10 divide 22140?
True
Is 126 a factor of 120456?
True
Is 58 a factor of 19082?
True
Does 15 divide 1743?
False
Is 22 a factor of 176?
True
Does 4 divide 164?
True
Is 352 a factor of 115104?
True
Does 31 divide 651?
True
Does 10